se 13, what is -a6336b - -1a?
-a63351
In base 10, what is 19976 + 3936?
23912
In base 10, what is -41235048 + 1?
-41235047
In base 16, what is -5 - 58ceb7?
-58cebc
In base 14, what is -20330aa + c?
-203309c
In base 9, what is 46 + -750667?
-750621
In base 7, what is 11241 + 122352?
133623
In base 16, what is 278 + 967af?
96a27
In base 2, what is 1111010001101 - -1010011111010111?
1100011001100100
In base 9, what is -732331 + -7?
-732338
In base 13, what is a6b - -4c4ac?
5024a
In base 8, what is -133577154 + -5?
-133577161
In base 8, what is 373 - -127320?
127713
In base 5, what is -40 + -11430232130?
-11430232220
In base 2, what is 1110111100001 - 100001111?
1110011010010
In base 4, what is -333311213313 + -33?
-333311220012
In base 2, what is 110110110101111011010111 - 11000?
110110110101111010111111
In base 10, what is 2275 + -9230?
-6955
In base 14, what is -1261 - 8bc7?
-a048
In base 9, what is -4344081 - -38?
-4344042
In base 13, what is -120 + -26282?
-263a2
In base 9, what is 134 - 210770?
-210635
In base 2, what is 111100000 + -111000101010?
-110001001010
In base 5, what is 333040031 - 231?
333034300
In base 14, what is -1ba14 + 12?
-1ba02
In base 16, what is 39 - e77?
-e3e
In base 11, what is 175a146 + 28a?
175a425
In base 14, what is -838 - -1574d?
14d15
In base 16, what is -1541 + 16c5?
184
In base 12, what is -15b1 - 231?
-1822
In base 15, what is -7 - 1837bec?
-1837c04
In base 9, what is -531 + 1482766?
1482235
In base 11, what is -2557 + 116a6?
a14a
In base 5, what is 3410320410 - 4?
3410320401
In base 6, what is 342 + 2025240?
2030022
In base 5, what is -332010200 - 1?
-332010201
In base 13, what is 4a8bc0 + 19?
4a8c09
In base 14, what is 694d + -13d77?
-b428
In base 4, what is -3310 - 3000021?
-3003331
In base 3, what is -11 - -111102100211?
111102100200
In base 3, what is 1121022 + -1211021?
-12222
In base 12, what is -5 - 221900b?
-2219014
In base 9, what is 1 - 334208387?
-334208386
In base 7, what is -46351 - -363052?
313401
In base 4, what is 10 - -10002322103?
10002322113
In base 5, what is 34103 - 34041?
12
In base 4, what is 11 - 133310210123?
-133310210112
In base 7, what is -1452 + -2101?
-3553
In base 9, what is 2 + 56443514?
56443516
In base 9, what is 8547 + 3061?
12618
In base 15, what is -1 + -651db5?
-651db6
In base 5, what is -4130 + 234133?
230003
In base 5, what is 0 + 230111234?
230111234
In base 12, what is 13 - 5960882?
-596086b
In base 6, what is -30541 - -3133155?
3102214
In base 15, what is 219aa + 24?
219ce
In base 12, what is -119 - 7b0983?
-7b0aa0
In base 15, what is -172 - -2d8?
166
In base 7, what is -1561 - 5044161?
-5046052
In base 10, what is -377297 - 5?
-377302
In base 15, what is 39 + -3e75a?
-3e721
In base 3, what is 100202220 + -102212210?
-2002220
In base 3, what is 201 - 1010110002202002?
-1010110002201101
In base 12, what is 49113 + 133?
49246
In base 5, what is -1331120 + -1014013?
-2400133
In base 11, what is 732 + 141422?
142054
In base 16, what is -3 - -2b011c?
2b0119
In base 11, what is -3426 - -1338?
-2099
In base 2, what is -1101 - -1010010101111001111100101?
1010010101111001111011000
In base 10, what is 123654 + -223?
123431
In base 9, what is -308 + -1076665?
-1077074
In base 13, what is 16549099 - 5?
16549094
In base 9, what is 68527740 + 7?
68527747
In base 2, what is -10110000011001110 + 11011100?
-10101111111110010
In base 14, what is 12 + 1162922?
1162934
In base 14, what is -1196 + d26?
-270
In base 13, what is -1b - 6945?
-6963
In base 12, what is -2030bb + -2?
-203101
In base 3, what is 11212202122111121 - -102?
11212202122112000
In base 8, what is 231202470 + -10?
231202460
In base 3, what is 10 - 1100200112220101?
-1100200112220021
In base 16, what is -9d + 9395?
92f8
In base 13, what is 0 - 161abc4?
-161abc4
In base 15, what is 46 - -b7e7?
b83d
In base 14, what is 5 + -9b07dc?
-9b07d7
In base 12, what is 2049 - 10a732?
-1086a5
In base 8, what is -537061 + 3405?
-533454
In base 16, what is -1 + 3185ca?
3185c9
In base 13, what is -783a + 1278?
-6592
In base 12, what is b760 - -32?
b792
In base 6, what is -103435323 - -21?
-103435302
In base 2, what is -10101100111010 + -1111001?
-10101110110011
In base 4, what is -20 - 3312202021302?
-3312202021322
In base 7, what is -2604240 + -4064?
-2611334
In base 4, what is 322101110130322 + -2?
322101110130320
In base 2, what is 1001000001101 + -1001110011000?
-110001011
In base 11, what is 19a11a - 3a7?
199823
In base 13, what is 89 - -1b6cb2?
1b706b
In base 2, what is 1000010011 - -100110001100?
101110011111
In base 2, what is -10001111000110101100 + -11000101?
-10001111001001110001
In base 8, what is -127061 + -56?
-127137
In base 6, what is 55 - 42042223?
-42042124
In base 4, what is -1022 - -111300122?
111233100
In base 13, what is 1 - 160a5c9?
-160a5c8
In base 15, what is 137ea9 + -175?
137d34
In base 5, what is 4 - 10014343141?
-10014343132
In base 2, what is 0 - -10001101001011010011001010010?
10001101001011010011001010010
In base 7, what is 115 - -116422?
116540
In base 6, what is 1 - 33041553?
-33041552
In base 11, what is -3849 + -571?
-430a
In base 6, what is 340 - -15003451?
15004231
In base 10, what is 1441 - 1625?
-184
In base 15, what is -2b8503 - 18?
-2b851b
In base 13, what is 19048 - 31?
19017
In base 11, what is 490 - -66424?
66904
In base 13, what is 91 - 150c87?
-150bc6
In base 7, what is -112125 + -116?
-112244
In base 15, what is 98 + 9e81e?
9e8b7
In base 15, what is 365d0aa5 - 2?
365d0aa3
In base 14, what is -5 + 2c625b6?
2c625b1
In base 8, what is -5 - -111103760?
111103753
In base 10, what is 15886 + -620?
15266
In base 5, what is -32021 + 1311142?
1224121
In base 4, what is -32130112100 - 2?
-32130112102
In base 15, what is b32 + -3475?
-2843
In base 4, what is 112221010001 - -133?
112221010200
In base 5, what is -21112010330 + -4?
-21112010334
In base 3, what is -20021122221 - 1011?
-20021201002
In base 3, what is 120020212 - -2012201112?
2202222101
In base 8, what is -2 + 6407073?
6407071
In base 11, what is -8651359 + -4?
-8651362
In base 2, what is 11010001 - 100101110011101?
-100101011001100
In base 7, what is -3625255 + 12?
-3625243
In base 6, what is 404123141 + 0?
404123141
In base 10, what is -25097 - 174?
-25271
In base 14, what is 6 + d5c13?
d5c19
In base 6, what is -542453 - -552?
-541501
In base 11, what is -101 - 85a8?
-86a9
In base 2, what is -110010000010001110 - 11011110?
-110010000101101100
In base 15, what is 74 - -9eb7b?
9ec00
In base 5, what is 13003043 + 1114?
13004212
In base 11, what is 65783a8 + 2?
65783aa
In base 11, what is -114 + -13a85?
-14099
In base 10, what is 43239 + -974?
42265
In base 4, what is 2101023 + 101332?
2203021
In base 9, what is -12326633 + 1?
-12326632
In base 16, what is 2 - 1808a1d?
-1808a1b
In base 14, what is 3cadcc8 + 5?
3cadccd
In base 16, what is 23 + 164ed?
16510
In base 4, what is 2033 - 3331011?
-3322312
In base 3, what is 111100 + 20121122?
21002222
In base 8, what is 11753 + -71320?
-57345
In base 13, what is -10 + 197832?
197822
In base 5, what is 10 - -23222421300?
23222421310
In base 13, what is b5 - 1449?
-1364
In base 12, what is -17809b + -65?
-178144
In base 3, what is -20122022002222100 - 200?
-20122022010000000
In base 13, what is 7c4 + 81ab?
89a2
In base 6, what is 12 + -20235533?
-20235521
In base 2, what is 100010110111100000000000 - -1?
100010110111100000000001
In base 3, what is -2002000112011 - 1100?
-2002000120111
In base 9, what is -1 + -2437268?
-2437270
In base 5, what is 30 - -10430110?
10430140
In base 16, what is 32 - d17e8e?
-d17e5c
In base 13, what is -2b30a3 - -5?
-2b309b
In base 3, what is 10 + -102222002111021122?
-102222002111021112
In base 5, what is 32444 + 130244?
213243
In base 10, what is -377000572 - -1?
-377000571
In base 6, what is -5 + 2321243134?
2321243125
In base 11, what is 118757a0 - -2?
118757a2
In base 12, what is b - 1297a8?
-129799
In base 7, what is -14 + -1263541?
-1263555
In base 14, what is 2 + -cc946a7?
-cc946a5
In base 6, what is -5030 + -23442?
-32512
In base 9, what is 828888 + -426?
828462
In base 4, what is 10012130222 + -1002?
10012123220
In base 6, what is -35413 - 31221?
-111034
In base 16, what is a81b5 - -6?
a81bb
In base 10, what is 4571848 - 75?
4571773
In base 2, what is 110001